) is divided by s(-2)?
13
Suppose 0 = -14*f + 29*f - 195. Let q = 5 + -3. Suppose 6*y + d - 127 = y, -3*y = q*d - 79. What is the remainder when y is divided by f?
12
Let a = -3 + 8. Suppose 2*s = 3*m - 29, -5*s = m - s - 5. Suppose -o + 3*j - 100 = -6*o, 2*o - m = a*j. What is the remainder when 33 is divided by o?
16
Let u = -1 - -2. Let b be (18/u)/3 - 2. Suppose -b*s + 2*d + 72 = -0*s, -5*d + 54 = 3*s. What is the remainder when s is divided by 5?
3
Let o(d) = -3*d - 12. Suppose -5*p - 1 = -g - 0, -3*g + 98 = 4*p. Calculate the remainder when g is divided by o(-7).
8
Suppose m + 108 = 5*m. Let o = -28 + 63. What is the remainder when o is divided by m/2 - 15/10?
11
Let u be (-2 - -1)*(-6 + 1). Suppose -u*y + 9 + 1 = 0. What is the remainder when y is divided by 1?
0
Suppose 77 - 9 = 2*t. What is the remainder when 135 is divided by t?
33
Let c = -62 - -114. Suppose 0*o - 2*d + c = 3*o, -4*d - 4 = 0. What is the remainder when o is divided by 5?
3
Suppose 2*i - 246 = -i. Suppose n = -a + 40, -128 - i = -5*a + 5*n. Let g(u) = u**2 + 11*u + 11. What is the remainder when a is divided by g(-11)?
8
What is the remainder when 6 is divided by (-69)/(-21) - (-6)/(-21)?
0
Suppose -a + 15 = 5*q, 5 - 20 = 5*q. Let o(x) = 2*x**3 - x**2 + 2*x. Calculate the remainder when a is divided by o(2).
14
Let h(p) = 6*p**2 - p. Let v be h(1). Let c = 18 - v. What is the remainder when c is divided by 0 - ((-4)/2 + -5)?
6
Suppose -c + 12 = -17. Calculate the remainder when c is divided by 8.
5
Let v(d) = d**2 + 8. Let c be v(0). Suppose -x = x - c. Suppose -22 = -5*w - 2*l, 6*w - 14 = w - 4*l. What is the remainder when w is divided by x?
2
What is the remainder when (-20)/(0 - 4) + 3 is divided by 2?
0
Let w be 2*3/(-18)*-6. Suppose 4*n - 4*g - 48 = 0, 2*n - 3*n = g - w. What is the remainder when 20 is divided by n?
6
Let u be 9*1*(-3)/(-9). Suppose -5*t = -2*d - 186, t - 6*t + 184 = -u*d. Suppose 8 + 5 = c + 5*p, 2*c - 26 = -p. What is the remainder when t is divided by c?
12
Let z = -11 - -19. What is the remainder when 21 - ((-2)/1 - -1) is divided by z?
6
Calculate the remainder when 16 is divided by 43/4 + 1/4.
5
Suppose 4*c - 1 = 3. What is the remainder when c is divided by 1?
0
Let p(n) = 2*n + 9*n**2 + 3*n**3 - 4 - n**3 - 3*n**3. Suppose j = -5*c + 3*j + 130, c = 4*j + 26. What is the remainder when c is divided by p(9)?
12
Suppose 5*w - r - 735 - 365 = 0, 0 = -3*w - r + 652. What is the remainder when 56 is divided by (-3)/(-4) + w/12?
18
Let c = -10 - -14. Let g be -1*1 + 12 + c. Let m = g - 1. What is the remainder when 40 is divided by m?
12
Suppose -2*x - 3*r = -4*x + 61, 3*x - 90 = 3*r. What is the remainder when x is divided by 12?
5
Suppose -c = 5*j + 18, 3*c + 0*c + 2*j + 2 = 0. Suppose h = -c, 4*m = -m - h - 932. What is the remainder when m/4*2/(-3) is divided by 16?
15
Let g(c) = 8*c**2 - c. Let q be g(-1). Suppose -q = 2*b - 5*b. What is the remainder when 7 is divided by b?
1
Suppose 3*p - 38 = -3*y - 2*p, -5*y - 2*p + 95 = 0. What is the remainder when y is divided by 12?
9
Let y = 40 - -20. What is the remainder when 236 is divided by y?
56
Let m = -6 - -3. Let t = m - -1. Calculate the remainder when (t/4)/((-3)/54) is divided by 5.
4
Suppose 0*h - 2*h + 2 = 0. Let y(w) = -w + 2. Let t be y(-2). Suppose 6*m - t = 2*m. Calculate the remainder when m is divided by h.
0
Suppose 0 = -4*w + 3*x + 417 - 106, 2*w + 3*x - 133 = 0. Suppose -4*o = -16 - 84. Calculate the remainder when w is divided by o.
24
Let w = 39 + -22. Calculate the remainder when 59 is divided by w.
8
Let f be 5 + -4 + -1 + 2. Suppose -f*x + 21 + 59 = -4*c, -4*x + c = -195. What is the remainder when x is divided by 17?
16
Suppose -3*i + 2 = -37. What is the remainder when 36 is divided by (4 + -2)*i/2?
10
Suppose -15*u - 200 = -20*u. Calculate the remainder when u is divided by 22.
18
Let v(g) = 44*g. Let z(y) = -y**3 + 7*y**2 - 2*y + 3. Let c be z(3). Let l = c - 18. Calculate the remainder when v(1) is divided by l.
14
Let n(l) = -l - 8. Let v be n(0). Let w = -6 - v. Calculate the remainder when 1 + 108/w - 1 is divided by 14.
12
Let t(d) = 7*d. Let y be t(4). Suppose -5*r = 2 - 12. Suppose 0 = k + 5*h - 9, -r*k = 4*h + h - y. What is the remainder when k is divided by 7?
5
Suppose 4*i = -i + 20. Suppose -n = -2*f + n + 6, -i*f - 2*n + 30 = 0. Let q = f - -6. What is the remainder when 22 is divided by q?
10
Let s be 1/((-3)/2)*-3. Calculate the remainder when 1 - 1*1/(-1) is divided by -2 + (-3)/s*-2.
0
Suppose -10 = -5*j - 5. Let l = -1 - j. What is the remainder when 14 is divided by (l/4)/(3/(-30))?
4
What is the remainder when 88/9 + 2/9 is divided by (44/4 - 9) + 5 + -1?
4
Let h = 35 - 1. What is the remainder when h is divided by 14 + (-1 - -1) - 2?
10
Let i(p) = -p**2 + 7*p + 9. Let n be i(7). Suppose 3*o + n = -5*l + 33, -3*o = -4*l - 24. Let z(u) = 2*u - 2. What is the remainder when z(o) is divided by 5?
4
Let f(m) be the third derivative of m**5/60 + m**3/6 + 3*m**2. Let n be f(0). Let j = n - -12. Calculate the remainder when 37 is divided by j.
11
Let b(l) = -2*l - 8. Suppose 21 - 1 = 4*u. Suppose -2*j = -u*j + 21. Calculate the remainder when j is divided by b(-6).
3
Let n = -1 - -24. Let f = n + -12. What is the remainder when f is divided by 3?
2
Let l be 5/(-2) + 2/(-4). Let v(y) = 2*y**2 - 2*y + 1. Let u(t) = -t - 3. Calculate the remainder when v(l) is divided by u(-12).
7
Let h = 13 + -10. Let w = 13 - h. What is the remainder when 17 is divided by w?
7
Calculate the remainder when (-4)/14 + (-16668)/(-126) is divided by 17.
13
Let a = 72 - 67. Let y(r) = -r + 18. Calculate the remainder when y(0) is divided by a.
3
Let t(r) = r**3 + 8*r**2 + 8*r + 4. Let i be t(-5). Suppose 0 = -2*n + 5*n - i. What is the remainder when n is divided by 7?
6
Let c = -5 + 7. Suppose -60 = -c*k + 3*q, 3*k - q - 112 = -22. What is the remainder when k is divided by 17?
13
Let j(z) = 6*z**3 + 2*z**3 + z - z**2 + 10*z**3. Suppose 7*i = 2*i + 5. What is the remainder when 52 is divided by j(i)?
16
Let w(c) = -8*c - 2. Suppose 4*j - 9 = 23. What is the remainder when w(-4) is divided by j?
6
Let i = 34 - 13. Calculate the remainder when 37 is divided by i.
16
Let g be 440/12*6/5. Suppose -g = -3*j - j. What is the remainder when 32 is divided by j?
10
Suppose h - 16 = 8. Calculate the remainder when 70 is divided by h.
22
Let v = 31 - 22. What is the remainder when (-35)/(-1) + -4 + 2 is divided by v?
6
Calculate the remainder when 2 + 1 + 19 + 1 is divided by 8.
7
Let t = -32 - -43. Calculate the remainder when 41 is divided by t.
8
Suppose -6*l - 8 = -10*l. Let i(v) = -v - 6. Let p be i(-7). Suppose -p = 2*o - 11. What is the remainder when o is divided by l?
1
Let c(p) = -p**2 - 3*p - 3. Let z be c(-2). Suppose -43 = -3*t - 2*o, -2*o + o = -5*t + 63. What is the remainder when z*2/((-6)/69) is divided by t?
10
Let y = -3 + 8. Let q(j) = 4*j + 4*j - y*j - 7 - j. Calculate the remainder when 19 is divided by q(9).
8
Suppose -4*n + 2*j + 77 = -j, -2*j - 13 = -n. Calculate the remainder when n is divided by 14.
9
Let t be 6/(2*2/6). Suppose 0 = -5*x + 24 - t. Suppose 2*b - 4*q + 3 = 17, -5*q = 5. What is the remainder when b is divided by x?
2
What is the remainder when (-3)/1 + 97/(-2)*-2 is divided by 9?
4
Let i be (-1)/(-1 + 3/4). Suppose -3*m = -5*m + 3*l + 23, 0 = -5*m - i*l. Calculate the remainder when 8 is divided by ((-6)/m)/((-4)/8).
2
Suppose -2*w + 4*m - 2 = 0, 2*w - 2*m = -1 - 1. Let t = w + 5. Suppose 0 = -2*g - t*j + 16, g - 10 = -2*j - 2*j. What is the remainder when 17 is divided by g?
5
Suppose z = 3*z - 4. Suppose z*j - 96 = 8. What is the remainder when j is divided by 18?
16
What is the remainder when 201 is divided by (0/(-3) - 2)*(-16 - 1)?
31
Let b = -54 + 92. Suppose 0 = -4*y + 2*y + b. What is the remainder when 35 is divided by y?
16
Let c = 114 - 53. What is the remainder when c is divided by 16?
13
Suppose 0 = 3*m + 3 - 30. Suppose -5*o = -5*k - 65, o + 2*k + 0*k = 25. What is the remainder when o is divided by m?
8
Let n = -5 - -10. Suppose -4*s = -8 - 4. Let v = s + 10. What is the remainder when v is divided by n?
3
Suppose -4*c + c = -27. Suppose 2*n = 4*v + 5*n - 11, 5*v = n + 9. What is the remainder when c is divided by (-3)/(-3*v